{"id":809,"date":"2023-05-04T17:23:42","date_gmt":"2023-05-04T17:23:42","guid":{"rendered":"https:\/\/escenapart.cat\/funciones\/els-ocells\/"},"modified":"2024-11-07T13:05:27","modified_gmt":"2024-11-07T13:05:27","slug":"els-ocells","status":"publish","type":"funciones","link":"https:\/\/escenapart.cat\/ca\/funciones\/els-ocells\/","title":{"rendered":"Las aves"},"content":{"rendered":"<p style=\"text-align: justify;\"><span style=\"font-weight: 400;\">El jove empresari Pisteter i la seva companya Ev\u00e8lpides no poden tornar a casa. Tampoc se\u2019ls acudeix cap altre lloc on puguin anar a viure la vida c\u00f2moda, relaxada i lliure d\u2019impostes que ells anhelen. La trobada accidental amb un innocent puput enmig del bosc els portar\u00e0 a plantejar-se un canvi d\u2019estrat\u00e8gia: i si renunciessin a la seva condici\u00f3 humana i es convertissin en ocells? O encara m\u00e9s: i si convencessin les aus del m\u00f3n per crear una nova societat basada en els principis fonamentals d\u2019Individu, Propietat i Compet\u00e8ncia?<\/span><\/p>\n<p style=\"text-align: justify;\">\u201cEls Ocells\u201d \u00e9s un espectacle de creaci\u00f3 col\u00b7lectiva a partir d\u2019Els Ocells d\u2019Arist\u00f2fanes.<\/p>\n<p style=\"text-align: justify;\">Una producci\u00f3 de C\u00eda. La Cal\u00f2rica amb la col\u00b7laboraci\u00f3 del Festival Temporada Alta i el suport de la Sala Beckett<\/p>\n","protected":false},"featured_media":418,"parent":0,"template":"","grupos":[51],"class_list":["post-809","funciones","type-funciones","status-publish","has-post-thumbnail","hentry","grupos-la-calorica"],"acf":[],"_links":{"self":[{"href":"https:\/\/escenapart.cat\/ca\/wp-json\/wp\/v2\/funciones\/809","targetHints":{"allow":["GET"]}}],"collection":[{"href":"https:\/\/escenapart.cat\/ca\/wp-json\/wp\/v2\/funciones"}],"about":[{"href":"https:\/\/escenapart.cat\/ca\/wp-json\/wp\/v2\/types\/funciones"}],"wp:featuredmedia":[{"embeddable":true,"href":"https:\/\/escenapart.cat\/ca\/wp-json\/wp\/v2\/media\/418"}],"wp:attachment":[{"href":"https:\/\/escenapart.cat\/ca\/wp-json\/wp\/v2\/media?parent=809"}],"wp:term":[{"taxonomy":"grupos","embeddable":true,"href":"https:\/\/escenapart.cat\/ca\/wp-json\/wp\/v2\/grupos?post=809"}],"curies":[{"name":"wp","href":"https:\/\/api.w.org\/{rel}","templated":true}]}}

<p style="text-align: justify;"><span style="font-weight: 400;">El jove empresari Pisteter i la seva companya Evèlpides no poden tornar a casa. Tampoc se’ls acudeix cap altre lloc on puguin anar a viure la vida còmoda, relaxada i lliure d’impostes que ells anhelen. La trobada accidental amb un innocent puput enmig del bosc els portarà a plantejar-se un canvi d’estratègia: i si renunciessin a la seva condició humana i es convertissin en ocells? O encara més: i si convencessin les aus del món per crear una nova societat basada en els principis fonamentals d’Individu, Propietat i Competència?</span></p>
<p style="text-align: justify;">“Els Ocells” és un espectacle de creació col·lectiva a partir d’Els Ocells d’Aristòfanes.</p>
<p style="text-align: justify;">Una producció de Cía. La Calòrica amb la col·laboració del Festival Temporada Alta i el suport de la Sala Beckett</p>
