{"id":800,"date":"2023-11-16T09:25:59","date_gmt":"2023-11-16T09:25:59","guid":{"rendered":"https:\/\/escenapart.cat\/funciones\/crsh-tothom-pot-caure\/"},"modified":"2025-05-06T11:22:13","modified_gmt":"2025-05-06T11:22:13","slug":"crsh-tothom-pot-caure","status":"publish","type":"funciones","link":"https:\/\/escenapart.cat\/ca\/funciones\/crsh-tothom-pot-caure\/","title":{"rendered":"Cr#sh (Todos pueden caer)"},"content":{"rendered":"<p><span style=\"font-weight: 400;\">En el marc d&#8217;una prova esportiva, tres joves reviuen els moments m\u00e9s durs de la seva adolesc\u00e8ncia. <\/span><\/p>\n<p><span style=\"font-weight: 400;\">A cada PIP de la prova, es mostren fragments d&#8217;una joventut on no es parla ni de l&#8217;ansietat, ni de l&#8217;autoestima ni de salut menta. Aqu\u00ed venim a parlar d&#8217;aix\u00f2. De tot all\u00f2 que mai se&#8217;ns va explicar a l&#8217;escola. Venim a ensenyar les caigudes per no pelar-nos els genolls. <\/span><\/p>\n<p><span style=\"font-weight: 400;\">&#8220;CR#SH&#8221; es un espectacle fresc, humor\u00edstic i vitalista, a cavall entre l&#8217;autotestimoni i la ficci\u00f3, que preten ser un cant a l&#8217;autoestima i a les cures, tot per parlar de salut mental a l@s adolescents. Al cap i a la fi, tot@s podem caure.<\/span><\/p>\n","protected":false},"featured_media":474,"parent":0,"template":"","grupos":[50],"class_list":["post-800","funciones","type-funciones","status-publish","has-post-thumbnail","hentry","grupos-cia-mea-culpa"],"acf":[],"_links":{"self":[{"href":"https:\/\/escenapart.cat\/ca\/wp-json\/wp\/v2\/funciones\/800","targetHints":{"allow":["GET"]}}],"collection":[{"href":"https:\/\/escenapart.cat\/ca\/wp-json\/wp\/v2\/funciones"}],"about":[{"href":"https:\/\/escenapart.cat\/ca\/wp-json\/wp\/v2\/types\/funciones"}],"wp:featuredmedia":[{"embeddable":true,"href":"https:\/\/escenapart.cat\/ca\/wp-json\/wp\/v2\/media\/474"}],"wp:attachment":[{"href":"https:\/\/escenapart.cat\/ca\/wp-json\/wp\/v2\/media?parent=800"}],"wp:term":[{"taxonomy":"grupos","embeddable":true,"href":"https:\/\/escenapart.cat\/ca\/wp-json\/wp\/v2\/grupos?post=800"}],"curies":[{"name":"wp","href":"https:\/\/api.w.org\/{rel}","templated":true}]}}

<p><span style="font-weight: 400;">En el marc d&#8217;una prova esportiva, tres joves reviuen els moments més durs de la seva adolescència. </span></p>
<p><span style="font-weight: 400;">A cada PIP de la prova, es mostren fragments d&#8217;una joventut on no es parla ni de l&#8217;ansietat, ni de l&#8217;autoestima ni de salut menta. Aquí venim a parlar d&#8217;això. De tot allò que mai se&#8217;ns va explicar a l&#8217;escola. Venim a ensenyar les caigudes per no pelar-nos els genolls. </span></p>
<p><span style="font-weight: 400;">&#8220;CR#SH&#8221; es un espectacle fresc, humorístic i vitalista, a cavall entre l&#8217;autotestimoni i la ficció, que preten ser un cant a l&#8217;autoestima i a les cures, tot per parlar de salut mental a l@s adolescents. Al cap i a la fi, tot@s podem caure.</span></p>
