{"id":1818,"date":"2026-09-04T11:26:26","date_gmt":"2026-09-04T11:26:26","guid":{"rendered":"https:\/\/escenapart.cat\/?post_type=funciones&#038;p=1818"},"modified":"2026-09-04T11:28:29","modified_gmt":"2026-09-04T11:28:29","slug":"les-dones-pineiro","status":"publish","type":"funciones","link":"https:\/\/escenapart.cat\/ca\/funciones\/les-dones-pineiro\/","title":{"rendered":"LES DONES PI\u00d1EIRO"},"content":{"rendered":"<p>Una hist\u00f2ria de fam\u00edlia, de classe, de g\u00e8nere i d\u2019identitat, per\u00f2 sobretot \u00e9s la hist\u00f2ria del paper silenciat de les dones en les lluites obreres i sindicals de la d\u00e8cada dels vuitanta.<\/p>\n<p>Prenent com a fil conductor diverses generacions de la fam\u00edlia Pi\u00f1eiro \u2014procedents d\u2019Ourense i instal\u00b7lades al cintur\u00f3 industrial de Barcelona\u2014, l\u2019obra viatja des de les lluites per l\u2019equiparaci\u00f3 salarial durant els primers anys del per\u00edode democr\u00e0tic fins als ERO derivats de l\u2019esclat de la bombolla immobili\u00e0ria.<\/p>\n<p>L\u2019acci\u00f3 se situa en una f\u00e0brica fict\u00edcia de calderes i term\u00f2stats, on les treballadores duen a terme una tancada per posar fi a la discriminaci\u00f3 laboral per ra\u00f3 de g\u00e8nere.<\/p>\n<p>La interseccionalitat, la consci\u00e8ncia de classe i les lluites identit\u00e0ries travessen la proposta.<\/p>\n<p><em>Les dones Pi\u00f1eiro<\/em>\u00a0\u00e9s una com\u00e8dia sobre dones que lluiten: lluiten per ser bones treballadores, bones esposes, bones mares, bones obreres i, fins i tot, bones dones. Lluiten per decidir sobre el seu dest\u00ed, per poder ascendir, per arribar a temps, per tenir dret a una guarderia.<\/p>\n<p>Lluiten per la seva dignitat i per la de les seves companyes. Lluiten \u2014sense el suport dels seus companys homes\u2014 per aconseguir aven\u00e7os dels quals avui gaudim tots i totes, tot i que sovint desconeixem la hist\u00f2ria que hi ha al darrere.<\/p>\n","protected":false},"featured_media":1816,"parent":0,"template":"","grupos":[51],"class_list":["post-1818","funciones","type-funciones","status-publish","has-post-thumbnail","hentry","grupos-la-calorica"],"acf":[],"_links":{"self":[{"href":"https:\/\/escenapart.cat\/ca\/wp-json\/wp\/v2\/funciones\/1818","targetHints":{"allow":["GET"]}}],"collection":[{"href":"https:\/\/escenapart.cat\/ca\/wp-json\/wp\/v2\/funciones"}],"about":[{"href":"https:\/\/escenapart.cat\/ca\/wp-json\/wp\/v2\/types\/funciones"}],"wp:featuredmedia":[{"embeddable":true,"href":"https:\/\/escenapart.cat\/ca\/wp-json\/wp\/v2\/media\/1816"}],"wp:attachment":[{"href":"https:\/\/escenapart.cat\/ca\/wp-json\/wp\/v2\/media?parent=1818"}],"wp:term":[{"taxonomy":"grupos","embeddable":true,"href":"https:\/\/escenapart.cat\/ca\/wp-json\/wp\/v2\/grupos?post=1818"}],"curies":[{"name":"wp","href":"https:\/\/api.w.org\/{rel}","templated":true}]}}

LES DONES PIÑEIRO

<p>Una història de família, de classe, de gènere i d’identitat, però sobretot és la història del paper silenciat de les dones en les lluites obreres i sindicals de la dècada dels vuitanta.</p>
<p>Prenent com a fil conductor diverses generacions de la família Piñeiro —procedents d’Ourense i instal·lades al cinturó industrial de Barcelona—, l’obra viatja des de les lluites per l’equiparació salarial durant els primers anys del període democràtic fins als ERO derivats de l’esclat de la bombolla immobiliària.</p>
<p>L’acció se situa en una fàbrica fictícia de calderes i termòstats, on les treballadores duen a terme una tancada per posar fi a la discriminació laboral per raó de gènere.</p>
<p>La interseccionalitat, la consciència de classe i les lluites identitàries travessen la proposta.</p>
<p><em>Les dones Piñeiro</em> és una comèdia sobre dones que lluiten: lluiten per ser bones treballadores, bones esposes, bones mares, bones obreres i, fins i tot, bones dones. Lluiten per decidir sobre el seu destí, per poder ascendir, per arribar a temps, per tenir dret a una guarderia.</p>
<p>Lluiten per la seva dignitat i per la de les seves companyes. Lluiten —sense el suport dels seus companys homes— per aconseguir avenços dels quals avui gaudim tots i totes, tot i que sovint desconeixem la història que hi ha al darrere.</p>
