{"id":797,"date":"2023-11-16T16:00:05","date_gmt":"2023-11-16T16:00:05","guid":{"rendered":"https:\/\/escenapart.cat\/banda\/los-aurora\/"},"modified":"2026-04-01T10:57:32","modified_gmt":"2026-04-01T10:57:32","slug":"los-aurora","status":"publish","type":"banda","link":"https:\/\/escenapart.cat\/ca\/banda\/los-aurora\/","title":{"rendered":"Los Aurora"},"content":{"rendered":"<p style=\"text-align: justify;\">Los Aurora son un grup de<strong> flamenc-jazz que va revolucionar l&#8217;escena musical nacional i internacional<\/strong> amb el llan\u00e7ament del seu primer disc Aurora, amb el qual van fer gira per sales i festivals de tot el m\u00f3n. Corea, Canad\u00e0, Chile, Hungr\u00eda, Alemania, Israel, Islandia o Rusia, son alguns dels pa\u00efsos on ja han actuat. La seva <strong>proposta musical, atrevida i personal<\/strong>, representa <strong>una alenada d&#8217;aire fresc en un g\u00e8nere com el flamenc. <\/strong> Recorren les can\u00e7ons m\u00e9s populars del flamenc, mentre evolucionen cap a llenguatges m\u00e9s atrevits que superen les sonoritats m\u00e9s tradicionals, per fusionar-se amb altres g\u00e8neres.<strong> Los Aurora navega entre el flamenc i el jazz, el rock i l&#8217;electr\u00f2nica, Lorca i Falla, la tradici\u00f3 i all\u00f2 contemporani.<\/strong><\/p>\n<p style=\"text-align: justify;\">\u201c<em>Los Aurora, de fet, \u00e9s l&#8217;\u00faltim crit de llibertat dins d&#8217;un g\u00e8nere que, per exemple, ja fa molt que va perdre la por a expressar-se en comuni\u00f3 amb altres g\u00e8neres.<\/em>\u201d<br \/>\nPaco S\u00e1nchez M\u00fagica, La Veu del Sud<\/p>\n<p style=\"text-align: justify;\">Pere Mart\u00ednez | cante<br \/>\nMax Villavecchia | piano<br \/>\nJavier Garrabella | baix<br \/>\nJoan Carles Mar\u00ed | bateria<br \/>\nPol Jim\u00e9nez | baile<\/p>\n","protected":false},"featured_media":1055,"menu_order":0,"template":"","class_list":["post-797","banda","type-banda","status-publish","has-post-thumbnail","hentry"],"acf":[],"_links":{"self":[{"href":"https:\/\/escenapart.cat\/ca\/wp-json\/wp\/v2\/banda\/797","targetHints":{"allow":["GET"]}}],"collection":[{"href":"https:\/\/escenapart.cat\/ca\/wp-json\/wp\/v2\/banda"}],"about":[{"href":"https:\/\/escenapart.cat\/ca\/wp-json\/wp\/v2\/types\/banda"}],"wp:featuredmedia":[{"embeddable":true,"href":"https:\/\/escenapart.cat\/ca\/wp-json\/wp\/v2\/media\/1055"}],"wp:attachment":[{"href":"https:\/\/escenapart.cat\/ca\/wp-json\/wp\/v2\/media?parent=797"}],"curies":[{"name":"wp","href":"https:\/\/api.w.org\/{rel}","templated":true}]}}

<p style="text-align: justify;">Los Aurora son un grup de<strong> flamenc-jazz que va revolucionar l&#8217;escena musical nacional i internacional</strong> amb el llançament del seu primer disc Aurora, amb el qual van fer gira per sales i festivals de tot el món. Corea, Canadà, Chile, Hungría, Alemania, Israel, Islandia o Rusia, son alguns dels països on ja han actuat. La seva <strong>proposta musical, atrevida i personal</strong>, representa <strong>una alenada d&#8217;aire fresc en un gènere com el flamenc. </strong> Recorren les cançons més populars del flamenc, mentre evolucionen cap a llenguatges més atrevits que superen les sonoritats més tradicionals, per fusionar-se amb altres gèneres.<strong> Los Aurora navega entre el flamenc i el jazz, el rock i l&#8217;electrònica, Lorca i Falla, la tradició i allò contemporani.</strong></p>
<p style="text-align: justify;">“<em>Los Aurora, de fet, és l&#8217;últim crit de llibertat dins d&#8217;un gènere que, per exemple, ja fa molt que va perdre la por a expressar-se en comunió amb altres gèneres.</em>”<br />
Paco Sánchez Múgica, La Veu del Sud</p>
<p style="text-align: justify;">Pere Martínez | cante<br />
Max Villavecchia | piano<br />
Javier Garrabella | baix<br />
Joan Carles Marí | bateria<br />
Pol Jiménez | baile</p>
