{"id":1839,"date":"2026-09-04T11:52:55","date_gmt":"2026-09-04T11:52:55","guid":{"rendered":"https:\/\/escenapart.cat\/?post_type=banda&#038;p=1839"},"modified":"2026-09-04T12:00:53","modified_gmt":"2026-09-04T12:00:53","slug":"vivir-quintana","status":"publish","type":"banda","link":"https:\/\/escenapart.cat\/ca\/banda\/vivir-quintana\/","title":{"rendered":"Vivir Quintana"},"content":{"rendered":"<p class=\"isSelectedEnd\"><strong>Vivir Quintana \u00e9s una de les veus m\u00e9s rellevants i commovedores de la m\u00fasica llatinoamericana contempor\u00e0nia<\/strong>. Cantautora, compositora i activista mexicana, ha convertit la can\u00e7\u00f3 en una eina de mem\u00f2ria, resist\u00e8ncia i transformaci\u00f3 social, unint la tradici\u00f3 del folk, la ranchera i la m\u00fasica regional mexicana amb una mirada profundament actual.<\/p>\n<p class=\"isSelectedEnd\">Nascuda a Coahuila, va cr\u00e9ixer entre corridos i m\u00fasica popular mexicana, influenciada per referents com Lola Beltr\u00e1n i Mercedes Sosa. La seva sensibilitat social, marcada tamb\u00e9 per la seva experi\u00e8ncia com a docent, travessa una obra que dona veu a hist\u00f2ries i realitats habitualment invisibilitzades.<\/p>\n<p class=\"isSelectedEnd\">La seva projecci\u00f3 internacional va arribar el 2020 amb \u201c<strong>Canci\u00f3n sin miedo<\/strong>\u201d, convertida en un dels himnes feministes m\u00e9s importants del nostre temps i cantada per milions de dones arreu del m\u00f3n. Des d\u2019aleshores, Vivir Quintana s\u2019ha consolidat com una artista imprescindible, capa\u00e7 de combinar comprom\u00eds social, profunditat po\u00e8tica i una poderosa identitat musical.<\/p>\n<p class=\"isSelectedEnd\">El 2023 va publicar \u201c<strong>Te mereces un amor<\/strong>\u201d, el seu primer \u00e0lbum d\u2019estudi amb Universal Music M\u00e9xico. Al llarg de la seva carrera ha compartit escenari amb artistes com Silvio Rodr\u00edguez, Mon Laferte, Aterciopelados o Caifanes, i ha estat <strong>reconeguda per Forbes com una de les 100 persones m\u00e9s creatives de M\u00e8xic<\/strong>, a m\u00e9s de rebre distincions com <strong>Leading Ladies of Entertainment 2024<\/strong> de l\u2019Acad\u00e8mia Llatina de la Gravaci\u00f3.<\/p>\n<p class=\"isSelectedEnd\">Sobre l\u2019escenari, Vivir Quintana ofereix molt m\u00e9s que un concert. <strong>La seva veu, d\u2019una for\u00e7a i bellesa extraordin\u00e0ries, convida a la reflexi\u00f3, commou profundament i connecta amb el p\u00fablic des de l\u2019honestedat i l\u2019emoci\u00f3. Cada actuaci\u00f3 \u00e9s una celebraci\u00f3 de la m\u00fasica com a acte de resist\u00e8ncia, amor i transformaci\u00f3 col\u00b7lectiva.<\/strong><\/p>\n<p class=\"isSelectedEnd\" style=\"text-align: center;\"><strong>Artista nominada al Latin Grammy 2025<\/strong><\/p>\n<p style=\"text-align: center;\"><strong>\u201cMillor \u00c0lbum Cantautor\u201d<\/strong><\/p>\n","protected":false},"featured_media":1837,"menu_order":0,"template":"","class_list":["post-1839","banda","type-banda","status-publish","has-post-thumbnail","hentry"],"acf":[],"_links":{"self":[{"href":"https:\/\/escenapart.cat\/ca\/wp-json\/wp\/v2\/banda\/1839","targetHints":{"allow":["GET"]}}],"collection":[{"href":"https:\/\/escenapart.cat\/ca\/wp-json\/wp\/v2\/banda"}],"about":[{"href":"https:\/\/escenapart.cat\/ca\/wp-json\/wp\/v2\/types\/banda"}],"wp:featuredmedia":[{"embeddable":true,"href":"https:\/\/escenapart.cat\/ca\/wp-json\/wp\/v2\/media\/1837"}],"wp:attachment":[{"href":"https:\/\/escenapart.cat\/ca\/wp-json\/wp\/v2\/media?parent=1839"}],"curies":[{"name":"wp","href":"https:\/\/api.w.org\/{rel}","templated":true}]}}

<p class="isSelectedEnd"><strong>Vivir Quintana és una de les veus més rellevants i commovedores de la música llatinoamericana contemporània</strong>. Cantautora, compositora i activista mexicana, ha convertit la cançó en una eina de memòria, resistència i transformació social, unint la tradició del folk, la ranchera i la música regional mexicana amb una mirada profundament actual.</p>
<p class="isSelectedEnd">Nascuda a Coahuila, va créixer entre corridos i música popular mexicana, influenciada per referents com Lola Beltrán i Mercedes Sosa. La seva sensibilitat social, marcada també per la seva experiència com a docent, travessa una obra que dona veu a històries i realitats habitualment invisibilitzades.</p>
<p class="isSelectedEnd">La seva projecció internacional va arribar el 2020 amb “<strong>Canción sin miedo</strong>”, convertida en un dels himnes feministes més importants del nostre temps i cantada per milions de dones arreu del món. Des d’aleshores, Vivir Quintana s’ha consolidat com una artista imprescindible, capaç de combinar compromís social, profunditat poètica i una poderosa identitat musical.</p>
<p class="isSelectedEnd">El 2023 va publicar “<strong>Te mereces un amor</strong>”, el seu primer àlbum d’estudi amb Universal Music México. Al llarg de la seva carrera ha compartit escenari amb artistes com Silvio Rodríguez, Mon Laferte, Aterciopelados o Caifanes, i ha estat <strong>reconeguda per Forbes com una de les 100 persones més creatives de Mèxic</strong>, a més de rebre distincions com <strong>Leading Ladies of Entertainment 2024</strong> de l’Acadèmia Llatina de la Gravació.</p>
<p class="isSelectedEnd">Sobre l’escenari, Vivir Quintana ofereix molt més que un concert. <strong>La seva veu, d’una força i bellesa extraordinàries, convida a la reflexió, commou profundament i connecta amb el públic des de l’honestedat i l’emoció. Cada actuació és una celebració de la música com a acte de resistència, amor i transformació col·lectiva.</strong></p>
<p class="isSelectedEnd" style="text-align: center;"><strong>Artista nominada al Latin Grammy 2025</strong></p>
<p style="text-align: center;"><strong>“Millor Àlbum Cantautor”</strong></p>
